is the units digit of k?
9
Let z(t) = -5*t**3 + t**2. What is the tens digit of z(-2)?
4
Suppose 2*q - q - 7 = 3*r, -5*q - r = -19. Suppose -28 = q*n - 6*n. What is the tens digit of n?
1
Let c(p) = 4*p - 10. What is the tens digit of c(8)?
2
Let c = 113 - 54. What is the units digit of c?
9
Let w(h) = 5*h**3 - 2*h + 2. What is the tens digit of w(3)?
3
Suppose -5*i + 2*a + 181 = 6*a, 0 = i + a - 37. Suppose 0*s + s = i. What is the units digit of s?
3
Let a(s) = -10*s. What is the tens digit of a(-5)?
5
Let y = 80 + 284. What is the tens digit of y?
6
Suppose -3*r + 0 = -9. Suppose 4*j - 2*b = 14, 5*j - 8 = r*b + 12. What is the units digit of j?
1
Suppose 0 = p - 0*p - 9. Let t = p - 3. What is the units digit of t?
6
What is the tens digit of (78 + 4)*3/(-2)*-1?
2
Suppose 0 = m + u - 9 + 2, -2*m - u = -10. Let t = m - -2. What is the units digit of t?
5
Let j = 171 + -95. What is the units digit of j?
6
Let j(a) = -a**2 - 6*a - 4. Let o be j(-4). Let y be (2/o)/((-1)/(-42)). What is the units digit of 3/(-12) + y/4?
5
Suppose r - 2*r + 6 = 0. What is the units digit of r?
6
Let w be 8/(-3)*9/(-6). Suppose -3*r + n = 2*n - 18, -w*r = -n - 17. Suppose 0 = 2*p - r*s - 20, p = -0*s - 4*s - 3. What is the units digit of p?
5
Suppose 3*y = -y + 20. Suppose 2*j = -8, 2*x - y*j = -3*x + 75. What is the tens digit of x?
1
Suppose 4 = 5*u - 11. What is the units digit of u?
3
Suppose 2 = -l + 2*l. Suppose -l*g + g = -2. Suppose -j + 36 = 5*h, 0 = 4*h - 0*j - g*j - 26. What is the units digit of h?
7
Let x(d) = 1 - 3 + 7*d + 2. What is the units digit of x(1)?
7
What is the tens digit of (123*(2 + (-12)/9))/2?
4
Let p = 0 + 5. What is the units digit of p?
5
Let v be 4/(-6)*114/(-4). Let r = v + -9. What is the tens digit of r?
1
Let c = -108 + 153. Let x = 40 + -31. Suppose 4*h = x*h - c. What is the units digit of h?
9
Suppose -x - 42 = -5*q - 14, -4*x + 8 = 4*q. Let y be (-28)/(-6) + x/(-9). Suppose 5*f - 2*d - 26 = 0, 3*f + 0*d = y*d + 27. What is the units digit of f?
4
Let w(i) = 3*i**2 - 3*i + 7. Let q be w(6). Suppose -48 = -p - 4*r - 10, -q = -4*p - 5*r. What is the units digit of p?
8
Let p(j) be the first derivative of 7*j**2/2 - 10*j + 2. What is the tens digit of p(5)?
2
Suppose -4*p - 4 = 28. Let u be 2/(-8) + (-34)/p. Let z = 8 - u. What is the units digit of z?
4
Let d = 43 - 40. Suppose -2 = 2*x - 18. Suppose b = -d*b + x. What is the units digit of b?
2
Let o(m) = -m**2 - 2. Let t be o(-2). Let z(r) = -r**3 - 6*r**2 + 3*r + 9. Let n be z(t). Let w = n - -13. What is the units digit of w?
4
Suppose -10 = -3*y + y. Suppose -8 = -y*d + d. Suppose -4*f - d + 50 = 0. What is the units digit of f?
2
Let m be (-3)/(-6) - (-1)/(-2). What is the tens digit of (m + -104)*1/(-2)?
5
Let d = -20 + 23. Suppose d*y = -3, 0*y = 2*n + 5*y - 43. What is the tens digit of n?
2
Let s(b) = 0*b - 5*b**2 - 2*b - b - b - b**3 + 4. What is the units digit of s(-4)?
4
Let h be 1 + 5 + (-1 - 2). Suppose 0*t + 4*s = -h*t + 20, -5*t = s - 22. What is the units digit of t?
4
Let x = 59 + 6. Suppose 3*o + 2*o = 3*n + x, 5*n = -2*o - 67. What is the units digit of (2 - (-21)/n)*15?
9
Suppose -h = -4*i - 3 - 1, -3*i = 5*h + 3. Suppose -5*j + 5*o = -55, 3*j - 2*o + h*o - 32 = 0. What is the tens digit of j?
1
Let h(j) = 3*j**3 - j**2 + 1. Let y be h(1). Let w = -15 + 27. Suppose 0 = 6*q - y*q - w. What is the units digit of q?
4
Let m = -5 + 13. Let u(g) = -g + 0*g + m*g**2 - 7*g**2 + 0*g. What is the units digit of u(3)?
6
Let j(z) = 15*z**2 + z. Let x = 6 - 5. Let h be j(x). What is the tens digit of h/10*(-60)/(-8)?
1
Suppose 5*j = -3*r + 30, -5*r = -j - 5 - 17. What is the units digit of (3 + -8 + j)*-4?
8
Let v(p) = p**2 - 7*p - 2. Suppose -4 = 4*s + 4. Let g = 6 - s. What is the units digit of v(g)?
6
Let c(s) be the second derivative of -s**5/20 + 11*s**4/12 - s**3 + s**2 + 5*s. What is the tens digit of c(10)?
4
Suppose 5*g - 82 + 7 = 0. Suppose 0 = -0*p + 3*p - g. Suppose -p*a + 2*a + 18 = 0. What is the units digit of a?
6
Suppose -4*v = -9*v. Suppose 3*n + 9 + 6 = v. Let d = 8 + n. What is the units digit of d?
3
Let l(n) = 2*n + 2*n - 3*n + 13. Let h = -29 - -23. What is the units digit of l(h)?
7
Let c(h) = h + 24. What is the tens digit of c(7)?
3
Let o be -5*(4/(-10) + -2). What is the units digit of (10/(-4) + 3)*o?
6
What is the tens digit of (-2)/(-10) + (-419)/(-5)?
8
Suppose 0 = -m + 2*f + 24, 135 = 2*m + 3*m + 5*f. What is the tens digit of m?
2
Let k(i) = -i + 49. What is the tens digit of k(6)?
4
Let s = -222 - -406. What is the hundreds digit of s?
1
Let r be (1 - -2*1)/1. Suppose r*a + 115 = 4*l, -a - 2*a = -3*l + 87. Let v = -17 + l. What is the tens digit of v?
1
Let y be 4/3*12/(-2). Let c = -15 + -1. Let v = y - c. What is the units digit of v?
8
Suppose 3*u + 86 = 2*n, -6 - 64 = -2*n - u. What is the units digit of n?
7
Suppose -2*h = 3*w + 20, w - 3 = 5*h - 4. What is the units digit of (w/1)/((-6)/3)?
3
Suppose -n + 288 = 3*n. Suppose 0*w - n = -4*w. What is the units digit of w?
8
Suppose 4*r = 14 - 6. Let w = r - -2. Suppose -25 = d - 6*d + 4*j, 2*d = -w*j + 38. What is the units digit of d?
9
Suppose 9 = -3*n, -3*w - 5*n - 6 = -0*n. Let t be (-5)/15 + (-8)/w. What is the units digit of 3/1 - t - -1?
7
What is the units digit of 443/2 - (-3)/(-18)*-9?
3
Suppose 0 + 3 = -c, -5*c - 23 = -4*s. Suppose -s*b + 19 = -2*i + 1, -2*b - 5*i = 3. Suppose 0 = 2*t + 2*w - 34, -4*t + b = w - 62. What is the units digit of t?
7
Suppose 0 = 4*i - 2*b + b - 38, -35 = -3*i + 4*b. Let n = -4 + i. Suppose -3 = -q - n*d, -3*q + 4*d - 3*d = -9. What is the units digit of q?
3
Let j(n) be the third derivative of -n**5/60 - n**4/24 + n**3 - 3*n**2. Let g be j(-5). What is the units digit of (g/(-4))/(1/2)?
7
Suppose 3*l - 195 = 4*h, -l + 10*h - 5*h + 54 = 0. What is the tens digit of l?
6
Let r(w) = 34*w + 1. Let h be ((-3)/(-6))/(3/18). Let q be r(h). Suppose -5*t = -q + 28. What is the units digit of t?
5
Suppose 1 - 7 = -3*a. Let g be 5/(-5) - ((-1 - -2) + -3). Let x = a - g. What is the units digit of x?
1
Let n(w) = 3*w**2 - 3*w - 16. What is the units digit of n(7)?
0
Suppose -2*w + 388 = 2*d, -6*w + 5*d = -2*w - 731. What is the tens digit of w?
8
Let t be -4 + 106 + -2 + 4. Suppose -29*z + t = -25*z. What is the units digit of z?
6
Let p(z) = -9*z + 3. Let w be p(-4). Suppose -d = 0, -5*h + w = -2*h + d. What is the units digit of h?
3
Let h = -6 + 97. What is the tens digit of h?
9
Let h = -4 + 1. Let c(n) = -n. Let v be c(h). Let a = v + 1. What is the units digit of a?
4
Suppose 2*f = 8, w + w = f. Let u be w/4 - (-22)/4. What is the units digit of 9/u*2/3?
1
Suppose 7*y - 3*y - n - 65 = 0, -y = 3*n - 13. Suppose 0 = -5*a + 4*q + 7, 5*a - 3 - 20 = -4*q. Suppose -d = a*d - y. What is the units digit of d?
4
Let d(q) = -q**3 + 6*q**2 + 2*q - 8. Suppose 2*f - 7*h - 27 = -4*h, -2*f - 5*h = 13. Let g be d(f). Suppose g - 7 = -3*r. What is the units digit of r?
1
Suppose 4*q = -5*r + 429, 0*r + r = -5*q + 552. What is the units digit of q?
1
Suppose 871 = 11*x - 1010. What is the hundreds digit of x?
1
What is the units digit of 2/(-15)*-3 - (-2130)/50?
3
Suppose -j = -2*j - 4. What is the units digit of -1 + 2/(j/(-30))?
4
Let j(d) = 3*d**2 + 4*d + 1. What is the tens digit of j(-3)?
1
What is the hundreds digit of -3*267/(-1)*2/6?
2
Suppose 2*g + 2*g = 24. Let a = g - 7. What is the units digit of (1 - 0) + a + 1?
1
Let l = -2 - -7. Suppose 5*a - 88 = -2*n, 0 = -3*a + l*n + 32 + 27. Let m = -10 + a. What is the units digit of m?
8
Let n be -2 - -4 - (4 - 7). Suppose 3*v + n*r + 7 = 4*v, -5*r = -5*v - 5. Let a(x) = -2*x - 3. What is the units digit of a(v)?
3
Let m be ((-2)/6)/(2/(-42)). Suppose -4*a + 5 = -m. Suppose 4 = -5*h + a*h, 2*h + 31 = 3*p. What is the units digit of p?
9
Let h = -19 + 53. What is the tens digit of h?
3
Let b(k) = -14*k**3 + 11*k + 5. Let m(u) = -3*u**3 + 2*u + 1. Let s(g) = 2*b(g) - 11*m(g). Suppose 0 = -4*j + 3 + 1. What is the units digit of s(j)?
4
Let p(s) = s**3 + 6*s**2 - 8*s - 2. Let n be p(-7). Suppose n*a + 3*i = 57, -i + 3 = -1. What is the units digit of a?
9
Suppose 7*g = 2*g + 135. Suppose 3*q + 5*m - 13 = 0, -2*q - 4*m - g = -3*q. What is the units digit of q?
1
Let o = 309 + -107. What is the units digit 